hat is the ten thousands digit of 788847?
8
What is the hundreds digit of 206369?
3
What is the ten thousands digit of 363711?
6
What is the units digit of 5941641?
1
What is the tens digit of 2268414?
1
What is the millions digit of 4489281?
4
What is the tens digit of 247258?
5
What is the thousands digit of 39333147?
3
What is the units digit of 22212862?
2
What is the ten thousands digit of 2650388?
5
What is the thousands digit of 649525?
9
What is the ten thousands digit of 824099?
2
What is the ten thousands digit of 238176?
3
What is the units digit of 161441?
1
What is the hundreds digit of 32026?
0
What is the hundreds digit of 2354632?
6
What is the thousands digit of 167562?
7
What is the units digit of 2721265?
5
What is the thousands digit of 671509?
1
What is the ten thousands digit of 2489057?
8
What is the tens digit of 2913231?
3
What is the hundreds digit of 859967?
9
What is the ten thousands digit of 108026?
0
What is the thousands digit of 1459168?
9
What is the units digit of 88607?
7
What is the thousands digit of 4641039?
1
What is the thousands digit of 325770?
5
What is the ten thousands digit of 529378?
2
What is the ten thousands digit of 2737998?
3
What is the thousands digit of 63343?
3
What is the tens digit of 671342?
4
What is the hundreds digit of 177616?
6
What is the ten thousands digit of 663884?
6
What is the tens digit of 2796326?
2
What is the tens digit of 634657?
5
What is the ten thousands digit of 82416?
8
What is the tens digit of 1085874?
7
What is the hundred thousands digit of 397357?
3
What is the ten thousands digit of 3085243?
8
What is the hundred thousands digit of 2261706?
2
What is the thousands digit of 10790?
0
What is the thousands digit of 553030?
3
What is the hundred thousands digit of 497437?
4
What is the hundreds digit of 778409?
4
What is the units digit of 3777283?
3
What is the hundreds digit of 8306829?
8
What is the units digit of 188866?
6
What is the units digit of 439428?
8
What is the hundreds digit of 354461?
4
What is the hundreds digit of 423678?
6
What is the hundred thousands digit of 2200324?
2
What is the hundreds digit of 1371345?
3
What is the hundreds digit of 104608?
6
What is the units digit of 16356607?
7
What is the thousands digit of 1667840?
7
What is the ten thousands digit of 968565?
6
What is the hundreds digit of 1993365?
3
What is the hundreds digit of 7811277?
2
What is the hundred thousands digit of 322920?
3
What is the thousands digit of 1186350?
6
What is the hundred thousands digit of 376789?
3
What is the units digit of 5695944?
4
What is the tens digit of 1692627?
2
What is the tens digit of 12821396?
9
What is the tens digit of 3384758?
5
What is the millions digit of 2241949?
2
What is the units digit of 33013425?
5
What is the thousands digit of 350693?
0
What is the tens digit of 743526?
2
What is the millions digit of 1326158?
1
What is the millions digit of 22988540?
2
What is the units digit of 5462?
2
What is the millions digit of 2331221?
2
What is the tens digit of 3627997?
9
What is the units digit of 18229?
9
What is the hundreds digit of 758156?
1
What is the thousands digit of 257722?
7
What is the tens digit of 90015?
1
What is the thousands digit of 103126?
3
What is the hundred thousands digit of 618867?
6
What is the units digit of 1723107?
7
What is the units digit of 5138791?
1
What is the hundred thousands digit of 720548?
7
What is the units digit of 72781?
1
What is the ten thousands digit of 5365369?
6
What is the hundred thousands digit of 615931?
6
What is the millions digit of 1674486?
1
What is the hundreds digit of 14635631?
6
What is the hundreds digit of 249384?
3
What is the hundreds digit of 246407?
4
What is the thousands digit of 3436716?
6
What is the hundreds digit of 4059687?
6
What is the ten thousands digit of 4408136?
0
What is the ten thousands digit of 13045358?
4
What is the tens digit of 40660?
6
What is the units digit of 972863?
3
What is the hundreds digit of 3002125?
1
What is the units digit of 2554315?
5
What is the thousands digit of 266572?
6
What is the hundreds digit of 623924?
9
What is the hundreds digit of 1007048?
0
What is the thousands digit of 170304?
0
What is the units digit of 196745?
5
What is the hundred thousands digit of 12373751?
3
What is the units digit of 2571763?
3
What is the hundred thousands digit of 1770228?
7
What is the ten thousands digit of 636768?
3
What is the hundreds digit of 492891?
8
What is the thousands digit of 6757842?
7
What is the hundred thousands digit of 249005?
2
What is the hundred thousands digit of 7778485?
7
What is the hundreds digit of 409423?
4
What is the hundred thousands digit of 1681976?
6
What is the ten thousands digit of 2691593?
9
What is the thousands digit of 6511?
6
What is the thousands digit of 188778?
8
What is the tens digit of 121729?
2
What is the ten thousands digit of 10525546?
2
What is the units digit of 504111?
1
What is the thousands digit of 6782367?
2
What is the ten thousands digit of 73681?
7
What is the thousands digit of 292865?
2
What is the units digit of 78896?
6
What is the hundred thousands digit of 1515336?
5
What is the units digit of 1630365?
5
What is the ten thousands digit of 3950775?
5
What is the hundreds digit of 372107?
1
What is the thousands digit of 2099852?
9
What is the hundreds digit of 154028?
0
What is the hundreds digit of 869978?
9
What is the millions digit of 3568416?
3
What is the thousands digit of 908952?
8
What is the ten thousands digit of 88224?
8
What is the hundred thousands digit of 129856?
1
What is the tens digit of 271859?
5
What is the hundreds digit of 296561?
5
What is the units digit of 135907?
7
What is the units digit of 872314?
4
What is the hundred thousands digit of 6060368?
0
What is the thousands digit of 12707705?
7
What is the thousands digit of 297443?
7
What is the tens digit of 565155?
5
What is the ten thousands digit of 323886?
2
What is the tens digit of 4760131?
3
What is the hundred thousands digit of 2057229?
0
What is the units digit of 9033960?
0
What is the hundred thousands digit of 15795858?
7
What is the millions digit of 2643629?
2
What is the thousands digit of 1387728?
7
What is the thousands digit of 1068861?
8
What is the thousands digit of 153158?
3
What is the ten thousands digit of 90443?
9
What is the units digit of 5232516?
6
What is the hundred thousands digit of 2206184?
2
What is the units digit of 398995?
5
What is the units digit of 218059?
9
What is the hundred thousands digit of 112720?
1
What is the thousands digit of 945480?
5
What is the ten millions digit of 13955296?
1
What is the hundred thousands digit of 356241?
3
What is the hundred thousands digit of 215560?
2
What is the thousands digit of 9482911?
2
What is the units digit of 141375?
5
What is the hundred thousands digit of 904208?
9
What is the tens digit of 170475?
7
What is the tens digit of 105444?
4
What is the millions digit of 2497875?
2
What is the hundreds digit of 4820572?
5
What is the hundreds digit of 1759935?
9
What is the ten thousands digit of 251320?
5
What is the ten thousands digit of 442028?
4
What is the units digit of 1945450?
0
What is the hundreds digit of 1991056?
0
What is the millions digit of 25347834?
5
What is the thousands digit of 10424071?
4
What is the hundreds digit of 77909?
9
What is the ten thousands digit of 1035419?
3
What is the units digit of 1118717?
7
What is the hundred thousands digit of 2365974?
3
What is the hundreds digit of 7386704?
7
What is the hundred thousands digit of 8440408?
4
What is the millions digit of 18361030?
8
What is the hundred thousands digit of 1758333?
7
What is the units digit of 17925114?
4
What is the ten thousands digit of 2471595?
7
What is the units digit of 68150?
0
What is the ten millions digit of 12087703?
1
What is the tens digit of 200953?
5
What is the units digit of 44120?
0
What is the tens digit of 4069697?
9
What is the hundred thousands digit of 1834833?
8
What is the hundred thousands digit of 2861839?
8
What is the ten thousands digit of 295783?
9
What is the thousands digit of 4546280?
6
What is the ten thousands digit of 20831601?
3
What is the units digit of 690777?
7
Wh